s the units digit of (2 + ((-492)/(-8))/3)*(-13000)/(-39)?
0
Let t(x) = -4*x + 107. Let z = -204 - -210. What is the tens digit of t(z)?
8
Let h = -677 - -1068. Let m(k) = -397*k + 8 + h*k + k**2 + 14. What is the tens digit of m(11)?
7
Let r(z) be the third derivative of z**4/24 + 31*z**3/2 - 18*z**2. Let v be r(0). Let f = v - 50. What is the units digit of f?
3
Let x(s) = -91*s - 26. Let y = -62 - -55. What is the hundreds digit of x(y)?
6
Let u be 468 - (-3 - (3 - 4)). Let i be 12/10*u/(-3). Let a = -109 - i. What is the tens digit of a?
7
Suppose -27 = -2*q + u, -2*q + 58 = 5*u + 1. Let z(i) = 41*i + 17. What is the hundreds digit of z(q)?
6
Suppose -5*y + 92 = -4*d, -10*d = -4*y - 8*d + 70. Let s(g) = -g**3 + 17*g**2 + 7*g + 10. What is the tens digit of s(y)?
7
Let m be (8/8)/(2/(-8)*-1). What is the units digit of (m/3)/(-14 - (-35536)/2538)?
6
Let d = -1102 + 2452. Let v = d - 884. Let i = -310 + v. What is the units digit of i?
6
Suppose -3*h + 3*w = -25861 - 127292, -2*w = -6*h + 306318. What is the tens digit of h?
5
Suppose -65 + 71 = p. What is the tens digit of (15664/264)/(4/p)?
8
Suppose 0 = 2*b - 3*b + 2*o + 967, 3*b - 2*o - 2913 = 0. Let h = b - 212. What is the tens digit of h?
6
Let l be (10 - 9)*1*-127. Let t = 29 - l. What is the hundreds digit of t?
1
Suppose -4*g - 5*s = -31220, 2*s + 7792 = 3*g - 2*g. What is the units digit of g?
0
Let k(m) = -12*m**3 + 13*m**2 + 51*m + 302. What is the hundreds digit of k(-6)?
0
Suppose -20*l = 6*l + 312. What is the hundreds digit of 216/40*(-760)/l?
3
Let m(v) = v**2 - 66*v + 1093. What is the hundreds digit of m(63)?
9
Let w be (24/(-32))/((-3)/20). Let p(u) = 179*u - 204. What is the hundreds digit of p(w)?
6
Suppose 3*g + 264 = -138. Let i = g - -394. Suppose 1160 = 12*h + i. What is the units digit of h?
5
Let n be 26/4 - 5 - 27917/(-2). What is the tens digit of -2*n/16*(-2)/10?
4
Suppose 0 = -5*i - 2*q + 11 - 1, 4*i + 10 = 2*q. Let n(a) = -17 + 46*a + i - 1. What is the hundreds digit of n(3)?
1
Let z be -38 + 33 - (64/(-4))/(-4). Let m = 783 + -1578. What is the tens digit of m/(-9) + 2 - (-3)/z?
9
Let n(f) = -8*f - 164. Let d be n(-21). Suppose -2382 = -4*c - v, -d*v - 23 = -31. What is the hundreds digit of c?
5
Let i be (-30)/(-45) + (-1418)/(-6) + 1. Let u be -7 + 6 - (0 - 4). Suppose 0 = u*n + 2*x - i, 3*n + n = -x + 314. What is the units digit of n?
8
What is the hundreds digit of (1986/(-4))/(2/(-4) - 58/(-203))?
3
Let f(a) = -a**2 + 17*a - 88. Let l be f(10). What is the tens digit of (-360)/l*106/8?
6
Let v = 284 + -58. Let i = 380 - v. Let j = i - 66. What is the tens digit of j?
8
What is the ten thousands digit of -13 - 110*(-3633)/14?
2
Let l = -114 - -121. Suppose 0*p + 3360 = l*p. Suppose 3*s + 5*s - p = 0. What is the tens digit of s?
6
What is the thousands digit of 6*(-7)/(-63) + (-9)/((-54)/272678)?
5
Let w(p) = p**3 + 29*p**2 - 15*p + 61. Let a be w(-25). Suppose -x - 7*x + a = 0. What is the units digit of x?
7
Let r = -28 + 32. Suppose -2*y + 3*y = -r*g - 8, y - 4*g - 16 = 0. Suppose -y*u + 16 = 4*t - 96, 82 = 3*t + 2*u. What is the tens digit of t?
2
Suppose -2*x + 19909 + 4551 = -8278. What is the units digit of x?
9
Let z be 1 + 0/(-4) + -19. Let o be 12/(-15)*(z + -2). Let l = o + 31. What is the units digit of l?
7
Let d = -6086 - -9054. Suppose 4*w + 4*k = 6*k + d, 5*w - 3*k - 3709 = 0. What is the hundreds digit of w?
7
Suppose -15*i + 44 = -11*i. Let u = i - 11. Suppose 2*k = 4*a - 18, -2*a - 5*k = -u*a + 21. What is the units digit of a?
2
Let m(t) = -t**3 - 10*t**2 - t + 9. Let g be m(-10). Suppose -34 = -5*c - g. What is the tens digit of (-4)/18*c + (-442)/(-6)?
7
Suppose -2362197 + 879819 = -107*n. What is the hundreds digit of n?
8
Let k be (-54 - -220) + -5 + -1. Let j be ((-76)/16 + 4)*-44. Suppose -34*f + k = -j*f. What is the hundreds digit of f?
1
Let s = 64 + -62. Suppose -s*a - 6 = 0, a = -v - 238 + 766. What is the tens digit of v?
3
Suppose -15*t - 6848 = -578. Let g = t - -1337. What is the hundreds digit of g?
9
Suppose 13 + 41 = -18*i. What is the tens digit of (-2)/9*i - 85/(-3)?
2
Let s(j) = 3*j**3 - 23*j**2 - 7*j - 16. Let d be s(8). What is the hundreds digit of 1384 + d/(-8) - -1?
3
Let z be (-4)/2 - (4*-1 - 1). Let p be -12*z/(-6)*(-2)/(-3). Suppose 3*g = -4*q + 582, -4*q + 9*q = -p*g + 727. What is the hundreds digit of q?
1
Let l(w) = w**2 - w - 1. Let d(o) = -203*o**3 + 2*o**2 + 2*o + 1. Let n(g) = -d(g) - 4*l(g). What is the tens digit of n(1)?
0
Let m = 333 + -334. What is the hundreds digit of ((-12)/(-5) - 6)/(m/35)?
1
Let h = -13011 + 20308. What is the tens digit of h?
9
Suppose 0 = -10*f + 6*f - 2*j + 1322, 3*f = j + 994. Suppose 501 + f = t. What is the tens digit of t?
3
What is the ten thousands digit of (-13339)/(-1 - 6/(-9)) + -30 + 32?
4
Let k(y) = -y**2 + 87*y - 321. Let u be 55 + (-2 - 6) + -3. What is the thousands digit of k(u)?
1
Suppose 5*q = 25, q + 978 + 453 = 2*x. What is the tens digit of x?
1
Suppose -5*c - 10*h + 10573 = -14*h, 0 = -c + 2*h + 2117. What is the units digit of c?
3
Let w(n) = -191*n + 1009. What is the hundreds digit of w(-5)?
9
Let h(r) = 50*r + 1636. Let z be h(0). Suppose z - 178 = 2*j. What is the tens digit of j?
2
Let o(k) = -k**2 + 6*k + 20. Let l(u) = -3*u - 61. Let v be l(-23). Let b be o(v). What is the hundreds digit of -4 + b - -4 - -14*13?
1
Let w(v) = -75*v - 137. Suppose 3 = f + 4*r, f + 7*r + 2 = 4*r. What is the tens digit of w(f)?
3
Let z = 32 + -32. Suppose 3*p - 5*m + 2*m = z, -p - 10 = -3*m. Suppose -232 = -p*n - 2. What is the units digit of n?
6
Let h(m) = 4*m**3 - 29*m**2 + 9*m - 204. What is the tens digit of h(18)?
9
Let o(p) be the third derivative of 19*p**6/60 + p**5/30 + p**4/24 - 5*p**3/6 - 37*p**2. What is the tens digit of o(3)?
4
Let w be (2 + -3 + 1)/(-1). Suppose 2*d - 40 + 10 = w. Let t(a) = a**2 - 4*a + 8. What is the hundreds digit of t(d)?
1
Let m be (15/2)/(18/24). Suppose 3*p - 5*h - 2021 = 0, -1346 = -2*p - 7*h + m*h. What is the hundreds digit of p?
6
Suppose -2*w - 386 = u - 5*u, 499 = 5*u + 3*w. Let x be 10/(2*(5 + -4)). Suppose -353 = -4*a + 5*h, 5*a - x*h = 337 + u. What is the tens digit of a?
8
Let i(u) = -2*u - 12. Let q(b) = 3*b + 13. Let l(o) = -4*i(o) - 3*q(o). Let f be l(7). What is the units digit of (f + (-34)/(-4))/(15/80)?
6
Let u(s) = 2*s**2 + 5. Let j be (16/(-20))/(0 - (-2)/(-40)). Suppose 2*g - j = 3*k, -3*k - 7 = -3*g + 8. What is the units digit of u(k)?
7
Suppose -b = -2*j - 0*j + 41, -5*j - 5*b + 140 = 0. Let i = 12430 - 12276. Let y = j + i. What is the tens digit of y?
7
Suppose 17*a - 103556 = 118600. What is the hundreds digit of a?
0
Let q(a) = 53*a - 34. Let m be q(8). Suppose -4*t = -4*r + m - 1586, 0 = t + 4*r - 279. What is the units digit of t?
5
Suppose -3*g + 5*l = 2*g + 1370, 818 = -3*g + 4*l. Let x = 427 + g. What is the units digit of x?
9
Let h = 6493 + 1798. What is the thousands digit of h?
8
Let w(r) = -2*r**3 + 6*r**2 + r + 4. Let y be w(3). Suppose 3296 = y*a + 167. What is the units digit of a?
7
Suppose 42*t = 49*t - 2429. Suppose -t = -c - 7*k + 3*k, -c + 372 = -k. What is the units digit of c?
7
Let x be (70/(-25))/(2/(-10)). Suppose x*h - 12*h = 100. What is the units digit of h?
0
Let d(r) = r**3 + 7*r**2 + r - 10. Let v be d(-5). Let c = 86 - v. What is the units digit of (5/2 + -1)*(3 + c)?
1
Let w = 331 + -317. Let s(x) = x**3 - 24*x**2 + 157*x + 17. What is the tens digit of s(w)?
5
Suppose 6*l = -14*l + f + 110258, 0 = -3*l + 3*f + 16533. What is the units digit of l?
3
Suppose -2*o = -3*o + 6. Let j(y) = 6*y + y + 8 + o - 2*y. What is the units digit of j(9)?
9
Suppose -2949 - 2287 = -11*u. Suppose 0 = 4*b + 2*c - u, -22 = -4*c - 6. What is the units digit of 18/b + (-2529)/(-39)?
5
Suppose 6 = -4*u - 2. Let f be 1 - (-39 + (1 - u)). What is the units digit of f + (-6)/3*2?
3
Let d(c) = 333*c**2 - 50*c + 6. What is the hundreds digit of d(3)?
8
Suppose -2*u - 3*q - 6557 = 0, 3*u + 2*q + 9848 = -0*u. What is the tens digit of 5/15 + u/(-6)?
4
Let j be 3/(-15) + 0 - (-480)/25. Let m be 3 + j/2*(-10)/5. What is the hundreds digit of 8/(m/(-3))*122?
1
Suppose 2*l = -s + 13, -l + 6*l + s = 25. Suppose -12 + 661 = i + l*q, 5*i = -4*q + 3165. Suppose -177 = 4*m - i. What is the uni